{"id":362,"date":"2023-03-16T16:23:58","date_gmt":"2023-03-16T15:23:58","guid":{"rendered":"http:\/\/dev.roland-kohler.com\/?page_id=362"},"modified":"2026-04-30T15:24:48","modified_gmt":"2026-04-30T13:24:48","slug":"materialien","status":"publish","type":"page","link":"https:\/\/www.roland-kohler.com\/en\/materialien\/","title":{"rendered":"Materials"},"content":{"rendered":"<p>Verarbeitet werden nur hochwertige Materialien. Dennoch gilt es einige Grunds\u00e4tze zu beachten, um das Aussehen und die Funktionsf\u00e4higkeit der M\u00f6bel und Designobjekte m\u00f6glichst lange sicherzustellen.<\/p>\n<style>\/*! elementor - v3.12.1 - 02-04-2023 *\/<br \/>\n.elementor-widget-image{text-align:center}.elementor-widget-image a{display:inline-block}.elementor-widget-image a img[src$=\".svg\"]{width:48px}.elementor-widget-image img{vertical-align:middle;display:inline-block}<\/style>\n<figure><img loading=\"lazy\" decoding=\"async\" src=\"http:\/\/elementorsite.roland-kohler.com\/wp-content\/uploads\/massivholz.jpg\" sizes=\"auto, (max-width: 1920px) 100vw, 1920px\" srcset=\"http:\/\/elementorsite.roland-kohler.com\/wp-content\/uploads\/massivholz.jpg 1920w, http:\/\/elementorsite.roland-kohler.com\/wp-content\/uploads\/massivholz-768x512.jpg 768w, http:\/\/elementorsite.roland-kohler.com\/wp-content\/uploads\/massivholz-1536x1024.jpg 1536w\" alt=\"\" width=\"1920\" height=\"1280\" \/><figcaption>Massivholz<\/figcaption><\/figure>\n<p>Verwendet werden ausschlie\u00dflich H\u00f6lzer, die aus nachhaltiger Forstwirtschaft stammen und die nach FSC, oder PEFC zertifiziert sind.<\/p>\n<p>Alle H\u00f6lzer ver\u00e4ndern sich farblich unter dem Einfluss des Sonnenlichts. Deshalb sollte es vermieden werden, Massivholz einer st\u00e4ndigen intensiven Sonneneinstrahlung auszusetzen. Massivholz kann gebeizt, oder lackiert werden.\u00a0 Im Falle der Beizung beh\u00e4lt das Holz (Buche) seine Struktur.\u00a0 Leichte Farbunterschiede k\u00f6nnen selbst bei sorgf\u00e4ltiger Bearbeitung auftreten. Es werden nur Beizen auf Wasserbasis verwendet. Bei der lackierten Ausf\u00fchrung erfolgt eine vollst\u00e4ndige Abdeckung von Struktur und Maserung des Holzes. Die verwendeten Lacke haben einen seidenmatten Glanz.<\/p>\n<figure><img loading=\"lazy\" decoding=\"async\" src=\"http:\/\/elementorsite.roland-kohler.com\/wp-content\/uploads\/hochglanzchrom-scaled.jpg\" sizes=\"auto, (max-width: 2560px) 100vw, 2560px\" srcset=\"http:\/\/elementorsite.roland-kohler.com\/wp-content\/uploads\/hochglanzchrom-scaled.jpg 2560w, http:\/\/elementorsite.roland-kohler.com\/wp-content\/uploads\/hochglanzchrom-768x288.jpg 768w, http:\/\/elementorsite.roland-kohler.com\/wp-content\/uploads\/hochglanzchrom-1536x576.jpg 1536w, http:\/\/elementorsite.roland-kohler.com\/wp-content\/uploads\/hochglanzchrom-2048x768.jpg 2048w\" alt=\"\" width=\"2560\" height=\"960\" \/><figcaption>Hochglanzchrom<\/figcaption><\/figure>\n<p>Hochglanzchrom ist sehr widerstandsf\u00e4hig und verleiht dem damit beschichteten Metallteil einen optimalen Korrosionsschutz f\u00fcr den Innenbereich. F\u00fcr den Einsatz im Au\u00dfenbereich (Terrasse oder Garten) ist diese Oberfl\u00e4che nicht geeignet. Die Schichtst\u00e4rken belaufen sich auf 14 \u2013 18 my Nickel und ca. 0,3 my Chrom auf geraden Teilen, in Biegungen k\u00f6nnen sie etwas geringer ausfallen.<\/p>\n<figure><img loading=\"lazy\" decoding=\"async\" src=\"http:\/\/elementorsite.roland-kohler.com\/wp-content\/uploads\/leder.jpg\" sizes=\"auto, (max-width: 1920px) 100vw, 1920px\" srcset=\"http:\/\/elementorsite.roland-kohler.com\/wp-content\/uploads\/leder.jpg 1920w, http:\/\/elementorsite.roland-kohler.com\/wp-content\/uploads\/leder-768x512.jpg 768w, http:\/\/elementorsite.roland-kohler.com\/wp-content\/uploads\/leder-1536x1024.jpg 1536w\" alt=\"\" width=\"1920\" height=\"1280\" \/><figcaption>Leder<\/figcaption><\/figure>\n<p>Bei dem angebotenen Leder handelt es sich um ein im Fass durchgef\u00e4rbtes Rindsleder, das nur leicht mit Farbe abgedeckt wurde. Dieses 1,0 \u2013 1,2 mm starke Semianilinleder ist von h\u00f6chster Qualit\u00e4t und rein anilingef\u00e4rbt. Es ist edel und anschmiegsam und hat einen weichen Griff.<\/p>\n<p>Anilingef\u00e4rbtes Leder ist offenporig und somit besonders hautsympathisch. Die Entwicklung einer Patina ist bei starker Benutzung des M\u00f6bels unvermeidlich. Anilingef\u00e4rbtes Leder sollte m\u00f6glichst nur mit einem trockenen, weichen Tuchgereinigt werden.<\/p>\n<p>Leder darf niemals mit scharfen Reinigungsmitteln, L\u00f6sungsmitteln, Wachs oder Schuhcreme behandelt werden.\u00a0 Auch wenn spezielle Reinigungsmittel angewendet werden, sind Flecken auf Lederbez\u00fcgen oftmals nicht r\u00fcckstandsfrei zu entfernen. Besonders bei hellen und wei\u00dfen Lederfarbt\u00f6nen ist eine Verf\u00e4rbung durch Textilien m\u00f6glich. Diese Farbflecke sind sehr hartn\u00e4ckig und vielfach wegen ihrer unklaren chemischen Zusammensetzung aus dem Leder nicht mehr zu entfernen.<\/p>\n<p>Wie bei jedem Naturprodukt k\u00f6nnen bei Leder leichte Unregelm\u00e4\u00dfigkeiten auftreten. Aufgrund der nat\u00fcrlichen Dehnf\u00e4higkeit ist eine Faltenbildung, unabh\u00e4ngig von der Verarbeitungsweise, nicht auszuschlie\u00dfen. Diese ist keine Qualit\u00e4tsminderung und bildet deshalb keinen Reklamationsgrund.<\/p>\n<figure><img loading=\"lazy\" decoding=\"async\" src=\"http:\/\/elementorsite.roland-kohler.com\/wp-content\/uploads\/glas.jpg\" sizes=\"auto, (max-width: 1920px) 100vw, 1920px\" srcset=\"http:\/\/elementorsite.roland-kohler.com\/wp-content\/uploads\/glas.jpg 1920w, http:\/\/elementorsite.roland-kohler.com\/wp-content\/uploads\/glas-768x432.jpg 768w, http:\/\/elementorsite.roland-kohler.com\/wp-content\/uploads\/glas-1536x864.jpg 1536w\" alt=\"\" width=\"1920\" height=\"1080\" \/><figcaption>Glas<\/figcaption><\/figure>\n<p>Einscheiben-Sicherheitsglas (ES- Glas), wie es f\u00fcr den Beistelltisch R- 1 verwendet wird, zeichnet sich durch eine hohe Schlag- und Biegebelastbarkeit aus.\u00a0 Bei einem Bruch zerf\u00e4llt die Platte in kleine Kr\u00fcmel, was die Verletzungsgefahr entscheidend minimiert. Gro\u00dfe scharfe Scherben entstehen nicht.<\/p>\n<p>Nachteile dieser Ausf\u00fchrung k\u00f6nnen kleine optische Beeintr\u00e4chtigungen sein. Angesichts des ungleich h\u00f6heren Sicherheitskomforts sind diese geringf\u00fcgigen optischen Einschr\u00e4nkungen unserer Meinung nach jedoch akzeptabel.<\/p>\n<p>Eine Glasscheibe zerbricht immer durch Verletzung ihrer Oberfl\u00e4che, besonders durch eine Besch\u00e4digung der Kante. Von hier aus kann eine Rissbildung entstehen und in dessen Folge, durchaus auch zeitverz\u00f6gert, ein Plattenbruch. Es ist deshalb stets auf einen sorgsamen Umgang mit der Glasplatte zu achten. In diesem Sinn besch\u00e4digte Platten k\u00f6nnten einen Transport vom Werk bis zum Endkunden nicht \u00fcberstehen, sie w\u00fcrden durch die Ersch\u00fctterungen auf dem Transport unweigerlich zerbrechen.<br \/>\n<strong>Aus diesem Grund kann f\u00fcr einen Plattenbruch nach Ingebrauchnahme des Tisches keine Haftung \u00fcbernommen werden.<\/strong><\/p>\n<style>\/*! elementor - v3.12.1 - 02-04-2023 *\/<br \/>\n.elementor-heading-title{padding:0;margin:0;line-height:1}.elementor-widget-heading .elementor-heading-title[class*=elementor-size-]>a{color:inherit;font-size:inherit;line-height:inherit}.elementor-widget-heading .elementor-heading-title.elementor-size-small{font-size:15px}.elementor-widget-heading .elementor-heading-title.elementor-size-medium{font-size:19px}.elementor-widget-heading .elementor-heading-title.elementor-size-large{font-size:29px}.elementor-widget-heading .elementor-heading-title.elementor-size-xl{font-size:39px}.elementor-widget-heading .elementor-heading-title.elementor-size-xxl{font-size:59px}<\/style>\n<h2>Regeln f\u00fcr den Gebrauch von Glastischen<\/h2>\n<ol>\n<li>Glastische haben eine vergleichbare Belastbarkeit wie entsprechende Tische anderer Bauart, sollten aber nicht \u00fcber den \u00fcblichen Zweck hinaus belastet werden.<\/li>\n<li>Glastische bitte niemals als Sitzgelegenheit nutzen.<\/li>\n<li>Glastische sind keine Spielzeuge f\u00fcr Kinder.<\/li>\n<li>Glas darf niemals extremen Temperaturschwankungen ausgesetzt werden (z.B. hei\u00dfer Topf oder tiefgek\u00fchlte Flasche). Hier kann es zu einem spontanen Bruch kommen. Bitte Untersetzer verwenden.<\/li>\n<li>Vorsicht bei Keramik, Porzellan oder Diamantringen. Die sehr harten Kanten k\u00f6nnen leicht Kratzer verursachen.<\/li>\n<li>Kantenverletzungen k\u00f6nnen, bisweilen auch zeitverz\u00f6gert, zum Plattenbruch f\u00fchren.<\/li>\n<\/ol>\n","protected":false},"excerpt":{"rendered":"<p>Verarbeitet werden nur hochwertige Materialien. Dennoch gilt es einige Grunds\u00e4tze zu beachten, um das Aussehen und die Funktionsf\u00e4higkeit der M\u00f6bel und Designobjekte m\u00f6glichst lange sicherzustellen. Massivholz Verwendet werden ausschlie\u00dflich H\u00f6lzer, die aus nachhaltiger Forstwirtschaft stammen und die nach FSC, oder PEFC zertifiziert sind. Alle H\u00f6lzer ver\u00e4ndern sich farblich unter dem Einfluss des Sonnenlichts. Deshalb sollte [&hellip;]<\/p>\n","protected":false},"author":1,"featured_media":109,"parent":0,"menu_order":0,"comment_status":"closed","ping_status":"closed","template":"","meta":{"footnotes":""},"class_list":["post-362","page","type-page","status-publish","has-post-thumbnail","hentry"],"_links":{"self":[{"href":"https:\/\/www.roland-kohler.com\/en\/wp-json\/wp\/v2\/pages\/362","targetHints":{"allow":["GET"]}}],"collection":[{"href":"https:\/\/www.roland-kohler.com\/en\/wp-json\/wp\/v2\/pages"}],"about":[{"href":"https:\/\/www.roland-kohler.com\/en\/wp-json\/wp\/v2\/types\/page"}],"author":[{"embeddable":true,"href":"https:\/\/www.roland-kohler.com\/en\/wp-json\/wp\/v2\/users\/1"}],"replies":[{"embeddable":true,"href":"https:\/\/www.roland-kohler.com\/en\/wp-json\/wp\/v2\/comments?post=362"}],"version-history":[{"count":13,"href":"https:\/\/www.roland-kohler.com\/en\/wp-json\/wp\/v2\/pages\/362\/revisions"}],"predecessor-version":[{"id":2121,"href":"https:\/\/www.roland-kohler.com\/en\/wp-json\/wp\/v2\/pages\/362\/revisions\/2121"}],"wp:featuredmedia":[{"embeddable":true,"href":"https:\/\/www.roland-kohler.com\/en\/wp-json\/wp\/v2\/media\/109"}],"wp:attachment":[{"href":"https:\/\/www.roland-kohler.com\/en\/wp-json\/wp\/v2\/media?parent=362"}],"curies":[{"name":"wp","href":"https:\/\/api.w.org\/{rel}","templated":true}]}}

<p>Verarbeitet werden nur hochwertige Materialien. Dennoch gilt es einige Grundsätze zu beachten, um das Aussehen und die Funktionsfähigkeit der Möbel und Designobjekte möglichst lange sicherzustellen.</p>
<style>/*! elementor - v3.12.1 - 02-04-2023 */<br />
.elementor-widget-image{text-align:center}.elementor-widget-image a{display:inline-block}.elementor-widget-image a img[src$=".svg"]{width:48px}.elementor-widget-image img{vertical-align:middle;display:inline-block}</style>
<figure><img loading="lazy" decoding="async" src="http://elementorsite.roland-kohler.com/wp-content/uploads/massivholz.jpg" sizes="auto, (max-width: 1920px) 100vw, 1920px" srcset="http://elementorsite.roland-kohler.com/wp-content/uploads/massivholz.jpg 1920w, http://elementorsite.roland-kohler.com/wp-content/uploads/massivholz-768x512.jpg 768w, http://elementorsite.roland-kohler.com/wp-content/uploads/massivholz-1536x1024.jpg 1536w" alt="" width="1920" height="1280" /><figcaption>Massivholz</figcaption></figure>
<p>Verwendet werden ausschließlich Hölzer, die aus nachhaltiger Forstwirtschaft stammen und die nach FSC, oder PEFC zertifiziert sind.</p>
<p>Alle Hölzer verändern sich farblich unter dem Einfluss des Sonnenlichts. Deshalb sollte es vermieden werden, Massivholz einer ständigen intensiven Sonneneinstrahlung auszusetzen. Massivholz kann gebeizt, oder lackiert werden.  Im Falle der Beizung behält das Holz (Buche) seine Struktur.  Leichte Farbunterschiede können selbst bei sorgfältiger Bearbeitung auftreten. Es werden nur Beizen auf Wasserbasis verwendet. Bei der lackierten Ausführung erfolgt eine vollständige Abdeckung von Struktur und Maserung des Holzes. Die verwendeten Lacke haben einen seidenmatten Glanz.</p>
<figure><img loading="lazy" decoding="async" src="http://elementorsite.roland-kohler.com/wp-content/uploads/hochglanzchrom-scaled.jpg" sizes="auto, (max-width: 2560px) 100vw, 2560px" srcset="http://elementorsite.roland-kohler.com/wp-content/uploads/hochglanzchrom-scaled.jpg 2560w, http://elementorsite.roland-kohler.com/wp-content/uploads/hochglanzchrom-768x288.jpg 768w, http://elementorsite.roland-kohler.com/wp-content/uploads/hochglanzchrom-1536x576.jpg 1536w, http://elementorsite.roland-kohler.com/wp-content/uploads/hochglanzchrom-2048x768.jpg 2048w" alt="" width="2560" height="960" /><figcaption>Hochglanzchrom</figcaption></figure>
<p>Hochglanzchrom ist sehr widerstandsfähig und verleiht dem damit beschichteten Metallteil einen optimalen Korrosionsschutz für den Innenbereich. Für den Einsatz im Außenbereich (Terrasse oder Garten) ist diese Oberfläche nicht geeignet. Die Schichtstärken belaufen sich auf 14 – 18 my Nickel und ca. 0,3 my Chrom auf geraden Teilen, in Biegungen können sie etwas geringer ausfallen.</p>
<figure><img loading="lazy" decoding="async" src="http://elementorsite.roland-kohler.com/wp-content/uploads/leder.jpg" sizes="auto, (max-width: 1920px) 100vw, 1920px" srcset="http://elementorsite.roland-kohler.com/wp-content/uploads/leder.jpg 1920w, http://elementorsite.roland-kohler.com/wp-content/uploads/leder-768x512.jpg 768w, http://elementorsite.roland-kohler.com/wp-content/uploads/leder-1536x1024.jpg 1536w" alt="" width="1920" height="1280" /><figcaption>Leder</figcaption></figure>
<p>Bei dem angebotenen Leder handelt es sich um ein im Fass durchgefärbtes Rindsleder, das nur leicht mit Farbe abgedeckt wurde. Dieses 1,0 – 1,2 mm starke Semianilinleder ist von höchster Qualität und rein anilingefärbt. Es ist edel und anschmiegsam und hat einen weichen Griff.</p>
<p>Anilingefärbtes Leder ist offenporig und somit besonders hautsympathisch. Die Entwicklung einer Patina ist bei starker Benutzung des Möbels unvermeidlich. Anilingefärbtes Leder sollte möglichst nur mit einem trockenen, weichen Tuchgereinigt werden.</p>
<p>Leder darf niemals mit scharfen Reinigungsmitteln, Lösungsmitteln, Wachs oder Schuhcreme behandelt werden.  Auch wenn spezielle Reinigungsmittel angewendet werden, sind Flecken auf Lederbezügen oftmals nicht rückstandsfrei zu entfernen. Besonders bei hellen und weißen Lederfarbtönen ist eine Verfärbung durch Textilien möglich. Diese Farbflecke sind sehr hartnäckig und vielfach wegen ihrer unklaren chemischen Zusammensetzung aus dem Leder nicht mehr zu entfernen.</p>
<p>Wie bei jedem Naturprodukt können bei Leder leichte Unregelmäßigkeiten auftreten. Aufgrund der natürlichen Dehnfähigkeit ist eine Faltenbildung, unabhängig von der Verarbeitungsweise, nicht auszuschließen. Diese ist keine Qualitätsminderung und bildet deshalb keinen Reklamationsgrund.</p>
<figure><img loading="lazy" decoding="async" src="http://elementorsite.roland-kohler.com/wp-content/uploads/glas.jpg" sizes="auto, (max-width: 1920px) 100vw, 1920px" srcset="http://elementorsite.roland-kohler.com/wp-content/uploads/glas.jpg 1920w, http://elementorsite.roland-kohler.com/wp-content/uploads/glas-768x432.jpg 768w, http://elementorsite.roland-kohler.com/wp-content/uploads/glas-1536x864.jpg 1536w" alt="" width="1920" height="1080" /><figcaption>Glas</figcaption></figure>
<p>Einscheiben-Sicherheitsglas (ES- Glas), wie es für den Beistelltisch R- 1 verwendet wird, zeichnet sich durch eine hohe Schlag- und Biegebelastbarkeit aus.  Bei einem Bruch zerfällt die Platte in kleine Krümel, was die Verletzungsgefahr entscheidend minimiert. Große scharfe Scherben entstehen nicht.</p>
<p>Nachteile dieser Ausführung können kleine optische Beeinträchtigungen sein. Angesichts des ungleich höheren Sicherheitskomforts sind diese geringfügigen optischen Einschränkungen unserer Meinung nach jedoch akzeptabel.</p>
<p>Eine Glasscheibe zerbricht immer durch Verletzung ihrer Oberfläche, besonders durch eine Beschädigung der Kante. Von hier aus kann eine Rissbildung entstehen und in dessen Folge, durchaus auch zeitverzögert, ein Plattenbruch. Es ist deshalb stets auf einen sorgsamen Umgang mit der Glasplatte zu achten. In diesem Sinn beschädigte Platten könnten einen Transport vom Werk bis zum Endkunden nicht überstehen, sie würden durch die Erschütterungen auf dem Transport unweigerlich zerbrechen.<br />
<strong>Aus diesem Grund kann für einen Plattenbruch nach Ingebrauchnahme des Tisches keine Haftung übernommen werden.</strong></p>
<style>/*! elementor - v3.12.1 - 02-04-2023 */<br />
.elementor-heading-title{padding:0;margin:0;line-height:1}.elementor-widget-heading .elementor-heading-title[class*=elementor-size-]>a{color:inherit;font-size:inherit;line-height:inherit}.elementor-widget-heading .elementor-heading-title.elementor-size-small{font-size:15px}.elementor-widget-heading .elementor-heading-title.elementor-size-medium{font-size:19px}.elementor-widget-heading .elementor-heading-title.elementor-size-large{font-size:29px}.elementor-widget-heading .elementor-heading-title.elementor-size-xl{font-size:39px}.elementor-widget-heading .elementor-heading-title.elementor-size-xxl{font-size:59px}</style>
<h2>Regeln für den Gebrauch von Glastischen</h2>
<ol>
<li>Glastische haben eine vergleichbare Belastbarkeit wie entsprechende Tische anderer Bauart, sollten aber nicht über den üblichen Zweck hinaus belastet werden.</li>
<li>Glastische bitte niemals als Sitzgelegenheit nutzen.</li>
<li>Glastische sind keine Spielzeuge für Kinder.</li>
<li>Glas darf niemals extremen Temperaturschwankungen ausgesetzt werden (z.B. heißer Topf oder tiefgekühlte Flasche). Hier kann es zu einem spontanen Bruch kommen. Bitte Untersetzer verwenden.</li>
<li>Vorsicht bei Keramik, Porzellan oder Diamantringen. Die sehr harten Kanten können leicht Kratzer verursachen.</li>
<li>Kantenverletzungen können, bisweilen auch zeitverzögert, zum Plattenbruch führen.</li>
</ol>

<p>Verarbeitet werden nur hochwertige Materialien. Dennoch gilt es einige Grundsätze zu beachten, um das Aussehen und die Funktionsfähigkeit der Möbel und Designobjekte möglichst lange sicherzustellen. Massivholz Verwendet werden ausschließlich Hölzer, die aus nachhaltiger Forstwirtschaft stammen und die nach FSC, oder PEFC zertifiziert sind. Alle Hölzer verändern sich farblich unter dem Einfluss des Sonnenlichts. Deshalb sollte [&hellip;]</p>
